{"id":12262,"date":"2025-01-30T13:22:40","date_gmt":"2025-01-30T13:22:40","guid":{"rendered":"https:\/\/www.verba.lv\/?page_id=12262"},"modified":"2025-01-30T13:22:40","modified_gmt":"2025-01-30T13:22:40","slug":"saevis-inter-se-convenit-ursis-2007","status":"publish","type":"page","link":"https:\/\/www.verba.lv\/lv\/saevis-inter-se-convenit-ursis-2007\/","title":{"rendered":"SAEVIS INTER SE CONVENIT URSIS, 2007"},"content":{"rendered":"<p style=\"text-align: center;\"><strong>SAEVIS INTER SE CONVENIT URSIS, 2007<\/strong><\/p>\n<p>SAEVIS INTER SE CONVENIT URSIS (\u201cBargie l\u0101\u010di sav\u0101 starp\u0101 dz\u012bvo mier\u0101\u201d), galerija \u201cIstaba\u201d, R\u012bga, Latvija<\/p>\n<p>&nbsp;<\/p>\n<div class=\"tiled-gallery type-rectangular tiled-gallery-unresized\" data-original-width=\"500\" data-carousel-extra='{&quot;blog_id&quot;:1,&quot;permalink&quot;:&quot;https:\\\/\\\/www.verba.lv\\\/lv\\\/saevis-inter-se-convenit-ursis-2007\\\/&quot;,&quot;likes_blog_id&quot;:59424749}' itemscope itemtype=\"http:\/\/schema.org\/ImageGallery\" > <div class=\"gallery-row\" style=\"width: 500px; height: 339px;\" data-original-width=\"500\" data-original-height=\"339\" > <div class=\"gallery-group images-2\" style=\"width: 238px; height: 339px;\" data-original-width=\"238\" data-original-height=\"339\" > <div class=\"tiled-gallery-item tiled-gallery-item-small\" itemprop=\"associatedMedia\" itemscope itemtype=\"http:\/\/schema.org\/ImageObject\"> <meta itemprop=\"width\" content=\"234\"> <meta itemprop=\"height\" content=\"175\"> <img data-attachment-id=\"12224\" data-orig-file=\"https:\/\/www.verba.lv\/wp-content\/uploads\/ursis-exhibition-istaba-2007-4.jpeg\" data-orig-size=\"1000,750\" data-comments-opened=\"\" data-image-meta=\"{&quot;aperture&quot;:&quot;2.4&quot;,&quot;credit&quot;:&quot;&quot;,&quot;camera&quot;:&quot;GR Digital&quot;,&quot;caption&quot;:&quot;&quot;,&quot;created_timestamp&quot;:&quot;1141406122&quot;,&quot;copyright&quot;:&quot;&quot;,&quot;focal_length&quot;:&quot;5.9&quot;,&quot;iso&quot;:&quot;154&quot;,&quot;shutter_speed&quot;:&quot;0.125&quot;,&quot;title&quot;:&quot;&quot;,&quot;orientation&quot;:&quot;1&quot;}\" data-image-title=\"ursis-exhibition-istaba-2007-4\" data-image-description=\"\" data-medium-file=\"https:\/\/www.verba.lv\/wp-content\/uploads\/ursis-exhibition-istaba-2007-4-400x300.jpeg\" data-large-file=\"https:\/\/www.verba.lv\/wp-content\/uploads\/ursis-exhibition-istaba-2007-4.jpeg\" src=\"https:\/\/i0.wp.com\/www.verba.lv\/wp-content\/uploads\/ursis-exhibition-istaba-2007-4.jpeg?w=234&#038;h=175&#038;ssl=1\" width=\"234\" height=\"175\" data-original-width=\"234\" data-original-height=\"175\" itemprop=\"http:\/\/schema.org\/image\" title=\"ursis-exhibition-istaba-2007-4\" alt=\"ursis-exhibition-istaba-2007-4\" style=\"width: 234px; height: 175px;\" \/> <div class=\"tiled-gallery-caption\" itemprop=\"caption description\"> February 2007, Anna Fanigina&#8217;s exhibition <\/div> <\/div> <div class=\"tiled-gallery-item tiled-gallery-item-small\" itemprop=\"associatedMedia\" itemscope itemtype=\"http:\/\/schema.org\/ImageObject\"> <meta itemprop=\"width\" content=\"234\"> <meta itemprop=\"height\" content=\"156\"> <img data-attachment-id=\"12230\" data-orig-file=\"https:\/\/www.verba.lv\/wp-content\/uploads\/anna-fanigina-istaba-exhibition-2007.jpg\" data-orig-size=\"1000,667\" data-comments-opened=\"\" data-image-meta=\"{&quot;aperture&quot;:&quot;2.4&quot;,&quot;credit&quot;:&quot;&quot;,&quot;camera&quot;:&quot;GR Digital&quot;,&quot;caption&quot;:&quot;&quot;,&quot;created_timestamp&quot;:&quot;1141421519&quot;,&quot;copyright&quot;:&quot;&quot;,&quot;focal_length&quot;:&quot;5.9&quot;,&quot;iso&quot;:&quot;125&quot;,&quot;shutter_speed&quot;:&quot;0.033333333333333&quot;,&quot;title&quot;:&quot;&quot;,&quot;orientation&quot;:&quot;1&quot;}\" data-image-title=\"anna-fanigina-istaba-exhibition-2007\" data-image-description=\"\" data-medium-file=\"https:\/\/www.verba.lv\/wp-content\/uploads\/anna-fanigina-istaba-exhibition-2007-400x267.jpg\" data-large-file=\"https:\/\/www.verba.lv\/wp-content\/uploads\/anna-fanigina-istaba-exhibition-2007.jpg\" src=\"https:\/\/i0.wp.com\/www.verba.lv\/wp-content\/uploads\/anna-fanigina-istaba-exhibition-2007.jpg?w=234&#038;h=156&#038;ssl=1\" width=\"234\" height=\"156\" data-original-width=\"234\" data-original-height=\"156\" itemprop=\"http:\/\/schema.org\/image\" title=\"anna-fanigina-istaba-exhibition-2007\" alt=\"anna-fanigina-istaba-exhibition-2007\" style=\"width: 234px; height: 156px;\" \/> <div class=\"tiled-gallery-caption\" itemprop=\"caption description\"> February 2007, Anna Fanigina&#8217;s exhibition <\/div> <\/div> <\/div> <!-- close group --> <div class=\"gallery-group images-1\" style=\"width: 262px; height: 339px;\" data-original-width=\"262\" data-original-height=\"339\" > <div class=\"tiled-gallery-item tiled-gallery-item-large\" itemprop=\"associatedMedia\" itemscope itemtype=\"http:\/\/schema.org\/ImageObject\"> <meta itemprop=\"width\" content=\"258\"> <meta itemprop=\"height\" content=\"335\"> <img data-attachment-id=\"12221\" data-orig-file=\"https:\/\/www.verba.lv\/wp-content\/uploads\/ursis-exhibition-istaba-2007-3.jpeg\" data-orig-size=\"667,865\" data-comments-opened=\"\" data-image-meta=\"{&quot;aperture&quot;:&quot;2.4&quot;,&quot;credit&quot;:&quot;&quot;,&quot;camera&quot;:&quot;GR Digital&quot;,&quot;caption&quot;:&quot;&quot;,&quot;created_timestamp&quot;:&quot;1141405149&quot;,&quot;copyright&quot;:&quot;&quot;,&quot;focal_length&quot;:&quot;5.9&quot;,&quot;iso&quot;:&quot;154&quot;,&quot;shutter_speed&quot;:&quot;0.1&quot;,&quot;title&quot;:&quot;&quot;,&quot;orientation&quot;:&quot;1&quot;}\" data-image-title=\"ursis-exhibition-istaba-2007-3\" data-image-description=\"\" data-medium-file=\"https:\/\/www.verba.lv\/wp-content\/uploads\/ursis-exhibition-istaba-2007-3-308x400.jpeg\" data-large-file=\"https:\/\/www.verba.lv\/wp-content\/uploads\/ursis-exhibition-istaba-2007-3.jpeg\" src=\"https:\/\/i0.wp.com\/www.verba.lv\/wp-content\/uploads\/ursis-exhibition-istaba-2007-3.jpeg?w=258&#038;h=335&#038;ssl=1\" width=\"258\" height=\"335\" data-original-width=\"258\" data-original-height=\"335\" itemprop=\"http:\/\/schema.org\/image\" title=\"ursis-exhibition-istaba-2007-3\" alt=\"ursis-exhibition-istaba-2007-3\" style=\"width: 258px; height: 335px;\" \/> <div class=\"tiled-gallery-caption\" itemprop=\"caption description\"> February 2007, Anna Fanigina&#8217;s exhibition <\/div> <\/div> <\/div> <!-- close group --> <\/div> <!-- close row --> <div class=\"gallery-row\" style=\"width: 500px; height: 178px;\" data-original-width=\"500\" data-original-height=\"178\" > <div class=\"gallery-group images-1\" style=\"width: 265px; height: 178px;\" data-original-width=\"265\" data-original-height=\"178\" > <div class=\"tiled-gallery-item tiled-gallery-item-large\" itemprop=\"associatedMedia\" itemscope itemtype=\"http:\/\/schema.org\/ImageObject\"> <meta itemprop=\"width\" content=\"261\"> <meta itemprop=\"height\" content=\"174\"> <img data-attachment-id=\"12218\" data-orig-file=\"https:\/\/www.verba.lv\/wp-content\/uploads\/ursis-exhibition-istaba-2007-2.jpeg\" data-orig-size=\"1000,667\" data-comments-opened=\"\" data-image-meta=\"{&quot;aperture&quot;:&quot;2.4&quot;,&quot;credit&quot;:&quot;&quot;,&quot;camera&quot;:&quot;GR Digital&quot;,&quot;caption&quot;:&quot;&quot;,&quot;created_timestamp&quot;:&quot;1141404777&quot;,&quot;copyright&quot;:&quot;&quot;,&quot;focal_length&quot;:&quot;5.9&quot;,&quot;iso&quot;:&quot;154&quot;,&quot;shutter_speed&quot;:&quot;0.1&quot;,&quot;title&quot;:&quot;&quot;,&quot;orientation&quot;:&quot;1&quot;}\" data-image-title=\"ursis-exhibition-istaba-2007-2\" data-image-description=\"\" data-medium-file=\"https:\/\/www.verba.lv\/wp-content\/uploads\/ursis-exhibition-istaba-2007-2-400x267.jpeg\" data-large-file=\"https:\/\/www.verba.lv\/wp-content\/uploads\/ursis-exhibition-istaba-2007-2.jpeg\" src=\"https:\/\/i0.wp.com\/www.verba.lv\/wp-content\/uploads\/ursis-exhibition-istaba-2007-2.jpeg?w=261&#038;h=174&#038;ssl=1\" width=\"261\" height=\"174\" data-original-width=\"261\" data-original-height=\"174\" itemprop=\"http:\/\/schema.org\/image\" title=\"ursis-exhibition-istaba-2007-2\" alt=\"ursis-exhibition-istaba-2007-2\" style=\"width: 261px; height: 174px;\" \/> <div class=\"tiled-gallery-caption\" itemprop=\"caption description\"> February 2007, Anna Fanigina&#8217;s exhibition <\/div> <\/div> <\/div> <!-- close group --> <div class=\"gallery-group images-1\" style=\"width: 235px; height: 178px;\" data-original-width=\"235\" data-original-height=\"178\" > <div class=\"tiled-gallery-item tiled-gallery-item-small\" itemprop=\"associatedMedia\" itemscope itemtype=\"http:\/\/schema.org\/ImageObject\"> <meta itemprop=\"width\" content=\"231\"> <meta itemprop=\"height\" content=\"174\"> <img data-attachment-id=\"12215\" data-orig-file=\"https:\/\/www.verba.lv\/wp-content\/uploads\/ursis-exhibition-istaba-2007.jpeg\" data-orig-size=\"1000,751\" data-comments-opened=\"\" data-image-meta=\"{&quot;aperture&quot;:&quot;2.4&quot;,&quot;credit&quot;:&quot;&quot;,&quot;camera&quot;:&quot;GR Digital&quot;,&quot;caption&quot;:&quot;&quot;,&quot;created_timestamp&quot;:&quot;1139260785&quot;,&quot;copyright&quot;:&quot;&quot;,&quot;focal_length&quot;:&quot;5.9&quot;,&quot;iso&quot;:&quot;154&quot;,&quot;shutter_speed&quot;:&quot;0.25&quot;,&quot;title&quot;:&quot;&quot;,&quot;orientation&quot;:&quot;1&quot;}\" data-image-title=\"ursis-exhibition-istaba-2007\" data-image-description=\"\" data-medium-file=\"https:\/\/www.verba.lv\/wp-content\/uploads\/ursis-exhibition-istaba-2007-400x300.jpeg\" data-large-file=\"https:\/\/www.verba.lv\/wp-content\/uploads\/ursis-exhibition-istaba-2007.jpeg\" src=\"https:\/\/i0.wp.com\/www.verba.lv\/wp-content\/uploads\/ursis-exhibition-istaba-2007.jpeg?w=231&#038;h=174&#038;ssl=1\" width=\"231\" height=\"174\" data-original-width=\"231\" data-original-height=\"174\" itemprop=\"http:\/\/schema.org\/image\" title=\"ursis-exhibition-istaba-2007\" alt=\"ursis-exhibition-istaba-2007\" style=\"width: 231px; height: 174px;\" \/> <div class=\"tiled-gallery-caption\" itemprop=\"caption description\"> February 2007, Anna Fanigina&#8217;s exhibition <\/div> <\/div> <\/div> <!-- close group --> <\/div> <!-- close row --> <\/div>\n","protected":false},"excerpt":{"rendered":"<p>SAEVIS INTER SE CONVENIT URSIS, 2007 SAEVIS INTER SE CONVENIT URSIS (\u201cBargie l\u0101\u010di sav\u0101 starp\u0101 dz\u012bvo mier\u0101\u201d), galerija \u201cIstaba\u201d, R\u012bga, Latvija &nbsp;<\/p>\n","protected":false},"author":4,"featured_media":0,"parent":0,"menu_order":0,"comment_status":"closed","ping_status":"closed","template":"","meta":{"jetpack_post_was_ever_published":false},"aioseo_notices":[],"jetpack_shortlink":"https:\/\/wp.me\/P41l5H-3bM","jetpack_sharing_enabled":true,"jetpack_likes_enabled":true,"_links":{"self":[{"href":"https:\/\/www.verba.lv\/lv\/wp-json\/wp\/v2\/pages\/12262"}],"collection":[{"href":"https:\/\/www.verba.lv\/lv\/wp-json\/wp\/v2\/pages"}],"about":[{"href":"https:\/\/www.verba.lv\/lv\/wp-json\/wp\/v2\/types\/page"}],"author":[{"embeddable":true,"href":"https:\/\/www.verba.lv\/lv\/wp-json\/wp\/v2\/users\/4"}],"replies":[{"embeddable":true,"href":"https:\/\/www.verba.lv\/lv\/wp-json\/wp\/v2\/comments?post=12262"}],"version-history":[{"count":1,"href":"https:\/\/www.verba.lv\/lv\/wp-json\/wp\/v2\/pages\/12262\/revisions"}],"predecessor-version":[{"id":12263,"href":"https:\/\/www.verba.lv\/lv\/wp-json\/wp\/v2\/pages\/12262\/revisions\/12263"}],"wp:attachment":[{"href":"https:\/\/www.verba.lv\/lv\/wp-json\/wp\/v2\/media?parent=12262"}],"curies":[{"name":"wp","href":"https:\/\/api.w.org\/{rel}","templated":true}]}}

<p style="text-align: center;"><strong>SAEVIS INTER SE CONVENIT URSIS, 2007</strong></p>
<p>SAEVIS INTER SE CONVENIT URSIS (“Bargie lāči savā starpā dzīvo mierā”), galerija “Istaba”, Rīga, Latvija</p>
<p>&nbsp;</p>
<div class="tiled-gallery type-rectangular tiled-gallery-unresized" data-original-width="500" data-carousel-extra='{&quot;blog_id&quot;:1,&quot;permalink&quot;:&quot;https:\/\/www.verba.lv\/lv\/saevis-inter-se-convenit-ursis-2007\/&quot;,&quot;likes_blog_id&quot;:59424749}' itemscope itemtype="http://schema.org/ImageGallery" > <div class="gallery-row" style="width: 500px; height: 339px;" data-original-width="500" data-original-height="339" > <div class="gallery-group images-2" style="width: 238px; height: 339px;" data-original-width="238" data-original-height="339" > <div class="tiled-gallery-item tiled-gallery-item-small" itemprop="associatedMedia" itemscope itemtype="http://schema.org/ImageObject"> <meta itemprop="width" content="234"> <meta itemprop="height" content="175"> <img data-attachment-id="12224" data-orig-file="https://www.verba.lv/wp-content/uploads/ursis-exhibition-istaba-2007-4.jpeg" data-orig-size="1000,750" data-comments-opened="" data-image-meta="{&quot;aperture&quot;:&quot;2.4&quot;,&quot;credit&quot;:&quot;&quot;,&quot;camera&quot;:&quot;GR Digital&quot;,&quot;caption&quot;:&quot;&quot;,&quot;created_timestamp&quot;:&quot;1141406122&quot;,&quot;copyright&quot;:&quot;&quot;,&quot;focal_length&quot;:&quot;5.9&quot;,&quot;iso&quot;:&quot;154&quot;,&quot;shutter_speed&quot;:&quot;0.125&quot;,&quot;title&quot;:&quot;&quot;,&quot;orientation&quot;:&quot;1&quot;}" data-image-title="ursis-exhibition-istaba-2007-4" data-image-description="" data-medium-file="https://www.verba.lv/wp-content/uploads/ursis-exhibition-istaba-2007-4-400x300.jpeg" data-large-file="https://www.verba.lv/wp-content/uploads/ursis-exhibition-istaba-2007-4.jpeg" src="https://i0.wp.com/www.verba.lv/wp-content/uploads/ursis-exhibition-istaba-2007-4.jpeg?w=234&#038;h=175&#038;ssl=1" width="234" height="175" data-original-width="234" data-original-height="175" itemprop="http://schema.org/image" title="ursis-exhibition-istaba-2007-4" alt="ursis-exhibition-istaba-2007-4" style="width: 234px; height: 175px;" /> <div class="tiled-gallery-caption" itemprop="caption description"> February 2007, Anna Fanigina&#8217;s exhibition </div> </div> <div class="tiled-gallery-item tiled-gallery-item-small" itemprop="associatedMedia" itemscope itemtype="http://schema.org/ImageObject"> <meta itemprop="width" content="234"> <meta itemprop="height" content="156"> <img data-attachment-id="12230" data-orig-file="https://www.verba.lv/wp-content/uploads/anna-fanigina-istaba-exhibition-2007.jpg" data-orig-size="1000,667" data-comments-opened="" data-image-meta="{&quot;aperture&quot;:&quot;2.4&quot;,&quot;credit&quot;:&quot;&quot;,&quot;camera&quot;:&quot;GR Digital&quot;,&quot;caption&quot;:&quot;&quot;,&quot;created_timestamp&quot;:&quot;1141421519&quot;,&quot;copyright&quot;:&quot;&quot;,&quot;focal_length&quot;:&quot;5.9&quot;,&quot;iso&quot;:&quot;125&quot;,&quot;shutter_speed&quot;:&quot;0.033333333333333&quot;,&quot;title&quot;:&quot;&quot;,&quot;orientation&quot;:&quot;1&quot;}" data-image-title="anna-fanigina-istaba-exhibition-2007" data-image-description="" data-medium-file="https://www.verba.lv/wp-content/uploads/anna-fanigina-istaba-exhibition-2007-400x267.jpg" data-large-file="https://www.verba.lv/wp-content/uploads/anna-fanigina-istaba-exhibition-2007.jpg" src="https://i0.wp.com/www.verba.lv/wp-content/uploads/anna-fanigina-istaba-exhibition-2007.jpg?w=234&#038;h=156&#038;ssl=1" width="234" height="156" data-original-width="234" data-original-height="156" itemprop="http://schema.org/image" title="anna-fanigina-istaba-exhibition-2007" alt="anna-fanigina-istaba-exhibition-2007" style="width: 234px; height: 156px;" /> <div class="tiled-gallery-caption" itemprop="caption description"> February 2007, Anna Fanigina&#8217;s exhibition </div> </div> </div> <!-- close group --> <div class="gallery-group images-1" style="width: 262px; height: 339px;" data-original-width="262" data-original-height="339" > <div class="tiled-gallery-item tiled-gallery-item-large" itemprop="associatedMedia" itemscope itemtype="http://schema.org/ImageObject"> <meta itemprop="width" content="258"> <meta itemprop="height" content="335"> <img data-attachment-id="12221" data-orig-file="https://www.verba.lv/wp-content/uploads/ursis-exhibition-istaba-2007-3.jpeg" data-orig-size="667,865" data-comments-opened="" data-image-meta="{&quot;aperture&quot;:&quot;2.4&quot;,&quot;credit&quot;:&quot;&quot;,&quot;camera&quot;:&quot;GR Digital&quot;,&quot;caption&quot;:&quot;&quot;,&quot;created_timestamp&quot;:&quot;1141405149&quot;,&quot;copyright&quot;:&quot;&quot;,&quot;focal_length&quot;:&quot;5.9&quot;,&quot;iso&quot;:&quot;154&quot;,&quot;shutter_speed&quot;:&quot;0.1&quot;,&quot;title&quot;:&quot;&quot;,&quot;orientation&quot;:&quot;1&quot;}" data-image-title="ursis-exhibition-istaba-2007-3" data-image-description="" data-medium-file="https://www.verba.lv/wp-content/uploads/ursis-exhibition-istaba-2007-3-308x400.jpeg" data-large-file="https://www.verba.lv/wp-content/uploads/ursis-exhibition-istaba-2007-3.jpeg" src="https://i0.wp.com/www.verba.lv/wp-content/uploads/ursis-exhibition-istaba-2007-3.jpeg?w=258&#038;h=335&#038;ssl=1" width="258" height="335" data-original-width="258" data-original-height="335" itemprop="http://schema.org/image" title="ursis-exhibition-istaba-2007-3" alt="ursis-exhibition-istaba-2007-3" style="width: 258px; height: 335px;" /> <div class="tiled-gallery-caption" itemprop="caption description"> February 2007, Anna Fanigina&#8217;s exhibition </div> </div> </div> <!-- close group --> </div> <!-- close row --> <div class="gallery-row" style="width: 500px; height: 178px;" data-original-width="500" data-original-height="178" > <div class="gallery-group images-1" style="width: 265px; height: 178px;" data-original-width="265" data-original-height="178" > <div class="tiled-gallery-item tiled-gallery-item-large" itemprop="associatedMedia" itemscope itemtype="http://schema.org/ImageObject"> <meta itemprop="width" content="261"> <meta itemprop="height" content="174"> <img data-attachment-id="12218" data-orig-file="https://www.verba.lv/wp-content/uploads/ursis-exhibition-istaba-2007-2.jpeg" data-orig-size="1000,667" data-comments-opened="" data-image-meta="{&quot;aperture&quot;:&quot;2.4&quot;,&quot;credit&quot;:&quot;&quot;,&quot;camera&quot;:&quot;GR Digital&quot;,&quot;caption&quot;:&quot;&quot;,&quot;created_timestamp&quot;:&quot;1141404777&quot;,&quot;copyright&quot;:&quot;&quot;,&quot;focal_length&quot;:&quot;5.9&quot;,&quot;iso&quot;:&quot;154&quot;,&quot;shutter_speed&quot;:&quot;0.1&quot;,&quot;title&quot;:&quot;&quot;,&quot;orientation&quot;:&quot;1&quot;}" data-image-title="ursis-exhibition-istaba-2007-2" data-image-description="" data-medium-file="https://www.verba.lv/wp-content/uploads/ursis-exhibition-istaba-2007-2-400x267.jpeg" data-large-file="https://www.verba.lv/wp-content/uploads/ursis-exhibition-istaba-2007-2.jpeg" src="https://i0.wp.com/www.verba.lv/wp-content/uploads/ursis-exhibition-istaba-2007-2.jpeg?w=261&#038;h=174&#038;ssl=1" width="261" height="174" data-original-width="261" data-original-height="174" itemprop="http://schema.org/image" title="ursis-exhibition-istaba-2007-2" alt="ursis-exhibition-istaba-2007-2" style="width: 261px; height: 174px;" /> <div class="tiled-gallery-caption" itemprop="caption description"> February 2007, Anna Fanigina&#8217;s exhibition </div> </div> </div> <!-- close group --> <div class="gallery-group images-1" style="width: 235px; height: 178px;" data-original-width="235" data-original-height="178" > <div class="tiled-gallery-item tiled-gallery-item-small" itemprop="associatedMedia" itemscope itemtype="http://schema.org/ImageObject"> <meta itemprop="width" content="231"> <meta itemprop="height" content="174"> <img data-attachment-id="12215" data-orig-file="https://www.verba.lv/wp-content/uploads/ursis-exhibition-istaba-2007.jpeg" data-orig-size="1000,751" data-comments-opened="" data-image-meta="{&quot;aperture&quot;:&quot;2.4&quot;,&quot;credit&quot;:&quot;&quot;,&quot;camera&quot;:&quot;GR Digital&quot;,&quot;caption&quot;:&quot;&quot;,&quot;created_timestamp&quot;:&quot;1139260785&quot;,&quot;copyright&quot;:&quot;&quot;,&quot;focal_length&quot;:&quot;5.9&quot;,&quot;iso&quot;:&quot;154&quot;,&quot;shutter_speed&quot;:&quot;0.25&quot;,&quot;title&quot;:&quot;&quot;,&quot;orientation&quot;:&quot;1&quot;}" data-image-title="ursis-exhibition-istaba-2007" data-image-description="" data-medium-file="https://www.verba.lv/wp-content/uploads/ursis-exhibition-istaba-2007-400x300.jpeg" data-large-file="https://www.verba.lv/wp-content/uploads/ursis-exhibition-istaba-2007.jpeg" src="https://i0.wp.com/www.verba.lv/wp-content/uploads/ursis-exhibition-istaba-2007.jpeg?w=231&#038;h=174&#038;ssl=1" width="231" height="174" data-original-width="231" data-original-height="174" itemprop="http://schema.org/image" title="ursis-exhibition-istaba-2007" alt="ursis-exhibition-istaba-2007" style="width: 231px; height: 174px;" /> <div class="tiled-gallery-caption" itemprop="caption description"> February 2007, Anna Fanigina&#8217;s exhibition </div> </div> </div> <!-- close group --> </div> <!-- close row --> </div>

<p>SAEVIS INTER SE CONVENIT URSIS, 2007 SAEVIS INTER SE CONVENIT URSIS (“Bargie lāči savā starpā dzīvo mierā”), galerija “Istaba”, Rīga, Latvija &nbsp;</p>
